{"id":3,"date":"2020-09-07T17:54:28","date_gmt":"2020-09-07T17:54:28","guid":{"rendered":"https:\/\/studiogallella.it\/wordpress\/?page_id=3"},"modified":"2020-09-12T13:55:54","modified_gmt":"2020-09-12T13:55:54","slug":"privacy-policy","status":"publish","type":"page","link":"https:\/\/studiogallella.it\/index.php\/privacy-policy\/","title":{"rendered":"Privacy Policy"},"content":{"rendered":"<p>[pl_row pagelayer-id=&#8221;fyoh1qxdc9byzd5u&#8221; ]<br \/>\n[pl_col pagelayer-id=&#8221;mbrp3y0dpzsrahbs&#8221;  col=&#8221;12&#8243;]<br \/>\n[pl_text pagelayer-id=&#8221;vif8aaflp00oqgq8&#8243; ]<\/p>\n<h2><span><span><\/span><\/span><\/h2>\n<p><span style=\"font-size: 16px;\"><strong>1)<br \/>\nPremessa&nbsp;<br \/>\n&nbsp;<\/strong><\/span><\/p>\n<p><span style=\"font-size: 16px;\">Ai sensi della normativa in materia di protezione dei<br \/>\ndati personali Studio Gallella, Via Roma, 160\/A &#8211;&nbsp; 88811 \u2013 Cir\u00f2 Marina<br \/>\n(KR) &#8211; P.I.&nbsp;00504670795, in qualit\u00e0 di &#8220;Titolare&#8221; del trattamento, \u00e8 tenuta a fornirLe<br \/>\ninformazioni in merito all&#8217;utilizzo dei Suoi dati personali.&nbsp;<br \/>\n&nbsp;<br \/>\n&nbsp;<\/span><\/p>\n<p><span style=\"font-size: 16px;\"><strong><br \/><\/strong><\/span><\/p>\n<p><span style=\"font-size: 16px;\"><strong>2) Fonte dei dati personali<\/strong>&nbsp;<br \/>\n&nbsp;<\/span><\/p>\n<p><span style=\"font-size: 16px;\">I dati personali in possesso di Studio Gallella, sono<br \/>\nforniti, anche attraverso le tecniche di comunicazione a distanza di cui la<br \/>\nstessa si avvale (quali il sito internet), direttamente dal soggetto cui i dati<br \/>\npersonali si riferiscono (&#8220;Interessato&#8221;). I dati personali possono<br \/>\ninoltre essere acquisiti da Studio Gallella, nell&#8217;esercizio della propria<br \/>\nattivit\u00e0 o da soggetti terzi per fini di informazioni commerciali, ricerche di<br \/>\nmercato, offerte dirette di prodotti o servizi. In quest&#8217;ultimo caso, Studio<br \/>\nGallella, avr\u00e0 cura di rendere agli Interessati le informazioni di cui in<br \/>\npremessa all&#8217;atto della registrazione dei dati che li riguardino o, comunque,<br \/>\nnon oltre la prima eventuale comunicazione.&nbsp;<br \/>\n&nbsp;<br \/>\n&nbsp;<\/span><\/p>\n<p><span style=\"font-size: 16px;\"><strong><br \/><\/strong><\/span><\/p>\n<p><span style=\"font-size: 16px;\"><strong>3) Finalit\u00e0 del trattamento&nbsp;<\/strong><br \/>\n&nbsp;<\/span><\/p>\n<p><span style=\"font-size: 16px;\">I dati personali sono trattati nell&#8217;ambito della<br \/>\nnormale attivit\u00e0 di Studio Gallella, per le seguenti finalit\u00e0:&nbsp;<br \/>\n&nbsp; &nbsp; &nbsp;&nbsp;<\/span><\/p>\n<p><span style=\"font-size: 16px;\">&nbsp; &nbsp; &nbsp; &nbsp;a) esecuzione di obblighi derivanti da contratti<br \/>\nstipulati con Studio Gallella, e\/o adempimento, prima della conclusione del<br \/>\ncontratto, di specifiche richieste dell&#8217;Interessato;&nbsp; &nbsp; &nbsp;&nbsp;<\/span><\/p>\n<p><span style=\"font-size: 16px;\">&nbsp; &nbsp; &nbsp; &nbsp;b) adempimento di obblighi previsti dalla legge, da<br \/>\nregolamenti o dalla normativa comunitaria;&nbsp;&nbsp; &nbsp; &nbsp;&nbsp;<\/span><\/p>\n<p><span style=\"font-size: 16px;\">&nbsp; &nbsp; &nbsp; &nbsp;c) altre attivit\u00e0 funzionali a Studio Gallella,<br \/>\neffettuate mediante lettera, telefono, materiale pubblicitario, sistemi<br \/>\nautomatizzati di comunicazione, newsletter etc., in relazione ai quali<br \/>\nl&#8217;Interessato ha facolt\u00e0 di manifestare o meno il proprio consenso.&nbsp;<\/p>\n<p>&nbsp;<\/span><\/p>\n<p><span style=\"font-size: 16px;\"><strong><br \/><\/strong><\/span><\/p>\n<p><span style=\"font-size: 16px;\"><strong>In particolare Studio Gallella, potr\u00e0 svolgere<br \/>\nattivit\u00e0 di:<\/strong>&nbsp;<\/span><\/p>\n<p><span style=\"font-size: 16px;\"><\/span><\/p>\n<p><span style=\"font-size: 16px;\">&nbsp; &nbsp; &nbsp; &nbsp;&#8211; ricerche di mercato volte a rilevare il grado di<br \/>\nsoddisfazione dell&#8217;Interessato sulla qualit\u00e0 dei servizi resi e sull&#8217;attivit\u00e0<br \/>\nsvolta, eseguite direttamente oppure tramite societ\u00e0 specializzate;&nbsp;<\/span><\/p>\n<p><span style=\"font-size: 16px;\">&nbsp; &nbsp; &nbsp; &nbsp;&#8211; informazione commerciale, offerte di<br \/>\nprodotti\/servizi, invio di proprie newsletter eseguite direttamente oppure<br \/>\ntramite societ\u00e0 specializzate;&nbsp;<\/span><\/p>\n<p><span style=\"font-size: 16px;\">&nbsp; &nbsp; &nbsp; &nbsp;&#8211; informazione commerciale ed offerte di<br \/>\nprodotti\/servizi di societ\u00e0 terze effettuata direttamente da Studio Gallella.&nbsp;<\/span><\/p>\n<p><span style=\"font-size: 16px;\"><br \/><\/span><\/p>\n<p><span style=\"font-size: 16px;\">In merito alle finalit\u00e0 sub a) e b), La informiamo che<br \/>\nil trattamento dei Suoi dati personali da parte di Studio Gallella, ivi inclusa<br \/>\nla comunicazione dei dati medesimi ai soggetti di cui al successivo paragrafo<br \/>\n6, non necessita del Suo consenso in quanto trattamento necessario per<br \/>\nl&#8217;esecuzione di obblighi derivanti dal contratto stesso e\/o per l&#8217;esecuzione di<br \/>\nprestazioni da Lei richieste nonch\u00e9 per ottemperare ad obblighi di legge. Per<br \/>\nquanto concerne invece la finalit\u00e0 sub c),ciascun Interessato ha diritto di<br \/>\nrifiutare a Studio Gallella, in qualsiasi momento, il proprio consenso al<br \/>\ntrattamento e\/o alla comunicazione ai soggetti di cui al successivo paragrafo<br \/>\n6, senza che questo comporti conseguenze pregiudizievoli nel rapporto<br \/>\ncontrattuale.&nbsp;<\/span><\/p>\n<p><span style=\"font-size: 16px;\"><strong><br \/><\/strong><\/span><\/p>\n<p><span style=\"font-size: 16px;\"><strong>4) Modalit\u00e0 di trattamento dei dati<\/strong>&nbsp;<\/span><\/p>\n<p><span style=\"font-size: 16px;\">In relazione alle finalit\u00e0 descritte nel precedente<br \/>\nparagrafo, il trattamento dei dati personali avviene mediante strumenti<br \/>\nmanuali, informatici e telematici con logiche strettamente correlate alle<br \/>\nfinalit\u00e0 sopra evidenziate e, comunque, in modo da garantire la sicurezza e la<br \/>\nriservatezza dei dati stessi (con particolare riguardo al caso di utilizzo di<br \/>\ntecniche di comunicazione a distanza).&nbsp;<\/span><\/p>\n<p><span style=\"font-size: 16px;\"><strong><br \/><\/strong><\/span><\/p>\n<p><span style=\"font-size: 16px;\"><strong>5) Categorie di dati oggetto di trattamento<\/strong>&nbsp;<\/span><\/p>\n<p><span style=\"font-size: 16px;\">In relazione alle finalit\u00e0 descritte nel precedente<br \/>\nparagrafo 3, Studio Gallella, tratta dati personali diversi da quelli<br \/>\n&#8220;sensibili&#8221; (es.: dati personali idonei a rivelare l&#8217;origine razziale<br \/>\ned etnica, le convinzioni religiose, le opinioni politiche, i dati idonei a<br \/>\nrilevare lo stato di salute, la vita sessuale etc.) e &#8220;giudiziari&#8221;.<br \/>\nIn particolare il trattamento effettuato da Studio Gallella, \u00e8 riferito a dati<br \/>\npersonali relativi a clienti e potenziali clienti quali il nome, l&#8217;indirizzo, i<br \/>\ndati di identificazione personale, il codice fiscale, etc. Per tali ragioni La<br \/>\ninvitiamo a non comunicare alla stessa dati personali &#8220;sensibili&#8221; e\/o<br \/>\n&#8220;giudiziari&#8221;. Nel caso tuttavia Studio Gallella, per la propria<br \/>\noperativit\u00e0, avesse la necessit\u00e0 di trattare dati di natura<br \/>\n&#8220;sensibile&#8221;, la stessa avr\u00e0 cura di inviarLe un&#8217;integrazione alla<br \/>\npresente Informativa e la relativa richiesta di consenso al trattamento.&nbsp;<\/span><\/p>\n<p><span style=\"font-size: 16px;\"><strong><br \/><\/strong><\/span><\/p>\n<p><span style=\"font-size: 16px;\"><strong>6) Categorie di soggetti ai quali i dati possono<br \/>\nessere comunicati o che possono venirne a conoscenza in qualit\u00e0 di Responsabili<br \/>\no Incaricati.<\/strong><\/span><\/p>\n<p><span style=\"font-size: 16px;\">Per il perseguimento delle finalit\u00e0 descritte al<br \/>\nparagrafo 3 Studio Gallella, necessita di comunicare, in Italia e all&#8217;estero, i<br \/>\nSuoi dati personali a soggetti terzi, appartenenti alle seguenti categorie:&nbsp;<\/span><\/p>\n<p><span style=\"font-size: 16px; background-color: transparent;\">&nbsp; &nbsp; &nbsp; &nbsp;&#8211;<\/span><span style=\"font-size: 16px; background-color: transparent;\">&nbsp;autorit\u00e0 e organi di vigilanza e controllo e in<br \/>\ngenerale soggetti, pubblici o privati, con funzioni di rilievo pubblicistico;<\/span><\/p>\n<p><span style=\"font-size: 16px; background-color: transparent;\">&nbsp; &nbsp; &nbsp; &nbsp;&#8211;<\/span><span style=\"font-size: 16px; background-color: transparent;\">&nbsp;altre societ\u00e0 del gruppo di cui \u00e8 parte Studio<br \/>\nGallella, o comunque societ\u00e0 controllanti, controllate o collegate;&nbsp;<\/span><\/p>\n<p><span style=\"font-size: 16px; background-color: transparent;\">&nbsp; &nbsp; &nbsp; &nbsp;&#8211;<\/span><span style=\"font-size: 16px; background-color: transparent;\">&nbsp;soggetti che effettuano servizi di acquisizione,<br \/>\nlavorazione ed elaborazione dati necessari per l&#8217;esecuzione delle disposizioni<br \/>\nricevute dalla clientela;&nbsp;<\/span><\/p>\n<p><span style=\"font-size: 16px; background-color: transparent;\">&nbsp; &nbsp; &nbsp; &nbsp;&#8211;<\/span><span style=\"font-size: 16px; background-color: transparent;\">&nbsp;soggetti che forniscono servizi per la gestione del<br \/>\nsistema informativo di Studio Gallella, e delle reti di telecomunicazioni (ivi<br \/>\ncompresa la posta elettronica);&nbsp;<\/span><\/p>\n<p><span style=\"font-size: 16px; background-color: transparent;\">&nbsp; &nbsp; &nbsp; &nbsp;&#8211;<\/span><span style=\"font-size: 16px; background-color: transparent;\">&nbsp;soggetti che svolgono attivit\u00e0 di trasmissione,<br \/>\nimbustamento, trasporto e smistamento delle comunicazioni con l&#8217;Interessato;&nbsp;<\/span><\/p>\n<p><span style=\"font-size: 16px; background-color: transparent;\">&nbsp; &nbsp; &nbsp; &nbsp;&#8211;<\/span><span style=\"font-size: 16px; background-color: transparent;\">&nbsp;soggetti che svolgono attivit\u00e0 di archiviazione<br \/>\ndella documentazione e data entry;<\/span><\/p>\n<p><span style=\"font-size: 16px; background-color: transparent;\">&nbsp; &nbsp; &nbsp; &nbsp;&#8211;<\/span><span style=\"font-size: 16px; background-color: transparent;\">&nbsp;soggetti che svolgono attivit\u00e0 di assistenza alla<br \/>\nclientela (es.: call center, help desk, etc.);&nbsp;<\/span><\/p>\n<p><span style=\"font-size: 16px; background-color: transparent;\">&nbsp; &nbsp; &nbsp; &nbsp;&#8211;<\/span><span style=\"font-size: 16px; background-color: transparent;\">&nbsp;studi o societ\u00e0 nell&#8217;ambito di rapporti di<br \/>\nassistenza e consulenza;&nbsp;&nbsp;<\/span><\/p>\n<p><span style=\"font-size: 16px; background-color: transparent;\">&nbsp; &nbsp; &nbsp; &nbsp;&#8211;&nbsp;<\/span><span style=\"font-size: 16px; background-color: transparent;\">soggetti che effettuano ricerche di mercato volte a<br \/>\nrilevare il grado di soddisfazione della clientela sulla qualit\u00e0 dei servizi e<br \/>\nsull&#8217;attivit\u00e0 svolta da Studio Gallella;&nbsp;<\/span><\/p>\n<p><span style=\"font-size: 16px; background-color: transparent;\">&nbsp; &nbsp; &nbsp; &nbsp;&#8211;<\/span><span style=\"font-size: 16px; background-color: transparent;\">&nbsp;soggetti che svolgono attivit\u00e0 di promozione e<br \/>\nvendita di prodotti\/servizi e delle altre societ\u00e0 del gruppo di cui \u00e8 parte<br \/>\nStudio Gallella;&nbsp;<\/span><\/p>\n<p><span style=\"font-size: 16px; background-color: transparent;\">&nbsp; &nbsp; &nbsp; &nbsp;&#8211;<\/span><span style=\"font-size: 16px; background-color: transparent;\">&nbsp;soggetti che svolgono adempimenti di controllo,<br \/>\nrevisione e certificazione delle attivit\u00e0 poste in essere da Studio Gallella,<br \/>\nanche nell&#8217;interesse della clientela;&nbsp;<\/span><\/p>\n<p><span style=\"font-size: 16px; background-color: transparent;\"><br \/><\/span><\/p>\n<p><span style=\"font-size: 16px; background-color: transparent;\">I soggetti appartenenti alle categorie sopra riportate<br \/>\noperano in totale autonomia come distinti titolari del trattamento o in qualit\u00e0<br \/>\ndi Responsabile o Incaricato all&#8217;uopo nominato di Studio Gallella, il cui<br \/>\nelenco costantemente aggiornato \u00e8 disponibile presso Studio Gallella. Studio<br \/>\nGallellai quali sono stati appositamente nominati Responsabili o Incaricati del<br \/>\ntrattamento. I dati trattati da Studio Gallella non sono oggetto di diffusione.&nbsp;<\/span><\/p>\n<p><span style=\"font-size: 16px; background-color: transparent;\"><strong><br \/><\/strong><\/span><\/p>\n<p><span style=\"font-size: 16px; background-color: transparent;\"><strong>7) Diritti dell&#8217;Interessato<\/strong>&nbsp;<\/span><\/p>\n<p><span style=\"font-size: 16px; background-color: transparent;\">La informiamo, infine, che la normativa in materia di<br \/>\nprotezione dei dati personali conferisce agli Interessati la possibilit\u00e0 di<br \/>\nesercitare specifici diritti. In particolare, l&#8217;Interessato pu\u00f2 ottenere:&nbsp;<\/span><\/p>\n<p><span style=\"font-size: 16px; background-color: transparent;\">&nbsp; &nbsp; &nbsp; &nbsp;<\/span><span style=\"font-size: 16px; background-color: transparent;\">a) conferma dell&#8217;esistenza o meno di dati che lo<br \/>\nriguardano, anche se non ancora registrati, e la loro comunicazione in forma<br \/>\nintelligibile;&nbsp;<\/span><\/p>\n<p><span style=\"font-size: 16px; background-color: transparent;\">&nbsp; &nbsp; &nbsp; &nbsp;<\/span><span style=\"font-size: 16px; background-color: transparent;\">b) informazioni circa l&#8217;origine dei dati personali, le<br \/>\nfinalit\u00e0 e le modalit\u00e0 del trattamento nonch\u00e9 la logica applicata in caso di<br \/>\ntrattamento effettuato con l&#8217;ausilio di strumenti elettronici;&nbsp;<\/span><\/p>\n<p><span style=\"font-size: 16px; background-color: transparent;\">&nbsp; &nbsp; &nbsp; &nbsp;<\/span><span style=\"font-size: 16px; background-color: transparent;\">c) indicazione degli estremi identificativi del<br \/>\nTitolare e del Responsabile, nonch\u00e9 dei soggetti o delle categorie di soggetti<br \/>\nai quali i dati personali possono essere comunicati o che possono venirne a<br \/>\nconoscenza;&nbsp;<\/span><\/p>\n<p><span style=\"font-size: 16px; background-color: transparent;\">&nbsp; &nbsp; &nbsp; &nbsp;<\/span><span style=\"font-size: 16px; background-color: transparent;\">d) la cancellazione, la trasformazione in forma<br \/>\nanonima o il blocco dei dati trattati in violazione di legge, nonch\u00e9<br \/>\nl&#8217;aggiornamento, la rettificazione o, quando vi ha interesse, l&#8217;integrazione<br \/>\ndei dati.&nbsp;<\/span><\/p>\n<p><span style=\"font-size: 16px; background-color: transparent;\"><br \/><\/span><\/p>\n<p><span style=\"font-size: 16px; background-color: transparent;\">L&#8217;Interessato pu\u00f2 altres\u00ec opporsi, per motivi<br \/>\nlegittimi, al trattamento dei dati personali che lo riguardano, ancorch\u00e9<br \/>\npertinenti allo scopo della raccolta. Pu\u00f2 inoltre opporsi al trattamento di<br \/>\ndati personali ai fini di invio di materiale pubblicitario o di vendita diretta<br \/>\no per il compimento di ricerche di mercato o di comunicazione commerciale.&nbsp;<br \/>\n<\/span><\/p>\n<p><span style=\"font-size: 16px; background-color: transparent;\"><strong><br \/><\/strong><\/span><\/p>\n<p><span style=\"font-size: 16px; background-color: transparent;\"><strong>8) Titolare e Responsabili del trattamento<\/strong>&nbsp;<\/span><\/p>\n<p><span style=\"font-size: 16px; background-color: transparent;\">Il Titolare del trattamento dei dati personali di cui<br \/>\nalla presente Informativa \u00e8 Studio Gallella con sede in Via Roma, 160\/A &#8211;<br \/>\n88811 \u2013 Cir\u00f2 Marina (KR) &#8211; P.I.&nbsp;00504670795.&nbsp;<\/span><\/p>\n<p><span style=\"font-size: 16px; background-color: transparent;\">Le richieste di cui al precedente paragrafo 7 possono<br \/>\nessere presentate a detto indirizzo per iscritto.&nbsp;<\/span><\/p>\n<p><span style=\"font-size: 16px; background-color: transparent;\">Le richieste di cui al precedente paragrafo 7, lett.<br \/>\na), b) e c) possono essere formulate anche oralmente.<\/span><\/p>\n<p>[\/pl_text]<br \/>\n[\/pl_col]<br \/>\n[\/pl_row]<\/p>\n","protected":false},"excerpt":{"rendered":"<p>[pl_row pagelayer-id=&#8221;fyoh1qxdc9byzd5u&#8221; ] [pl_col pagelayer-id=&#8221;mbrp3y0dpzsrahbs&#8221; col=&#8221;12&#8243;] [pl_text pagelayer-id=&#8221;vif8aaflp00oqgq8&#8243; ] 1) Premessa&nbsp; &nbsp; Ai sensi della normativa in materia di protezione dei dati personali Studio Gallella, Via Roma, 160\/A &#8211;&nbsp; 88811<\/p>\n","protected":false},"author":2,"featured_media":0,"parent":0,"menu_order":0,"comment_status":"closed","ping_status":"closed","template":"","meta":{"pagelayer_contact_templates":[],"_pagelayer_content":"","footnotes":""},"yoast_head":"<!-- This site is optimized with the Yoast SEO plugin v23.5 - https:\/\/yoast.com\/wordpress\/plugins\/seo\/ -->\n<title>Privacy Policy - Studio Gallella &amp; Partners<\/title>\n<meta name=\"robots\" content=\"index, follow, max-snippet:-1, max-image-preview:large, max-video-preview:-1\" \/>\n<link rel=\"canonical\" href=\"https:\/\/studiogallella.it\/index.php\/privacy-policy\/\" \/>\n<meta property=\"og:locale\" content=\"it_IT\" \/>\n<meta property=\"og:type\" content=\"article\" \/>\n<meta property=\"og:title\" content=\"Privacy Policy - Studio Gallella &amp; Partners\" \/>\n<meta property=\"og:description\" content=\"[pl_row pagelayer-id=&#8221;fyoh1qxdc9byzd5u&#8221; ] [pl_col pagelayer-id=&#8221;mbrp3y0dpzsrahbs&#8221; col=&#8221;12&#8243;] [pl_text pagelayer-id=&#8221;vif8aaflp00oqgq8&#8243; ] 1) Premessa&nbsp; &nbsp; Ai sensi della normativa in materia di protezione dei dati personali Studio Gallella, Via Roma, 160\/A &#8211;&nbsp; 88811\" \/>\n<meta property=\"og:url\" content=\"https:\/\/studiogallella.it\/index.php\/privacy-policy\/\" \/>\n<meta property=\"og:site_name\" content=\"Studio Gallella &amp; Partners\" \/>\n<meta property=\"article:modified_time\" content=\"2020-09-12T13:55:54+00:00\" \/>\n<meta name=\"twitter:card\" content=\"summary_large_image\" \/>\n<meta name=\"twitter:label1\" content=\"Tempo di lettura stimato\" \/>\n\t<meta name=\"twitter:data1\" content=\"7 minuti\" \/>\n<script type=\"application\/ld+json\" class=\"yoast-schema-graph\">{\"@context\":\"https:\/\/schema.org\",\"@graph\":[{\"@type\":\"WebPage\",\"@id\":\"https:\/\/studiogallella.it\/index.php\/privacy-policy\/\",\"url\":\"https:\/\/studiogallella.it\/index.php\/privacy-policy\/\",\"name\":\"Privacy Policy - Studio Gallella &amp; Partners\",\"isPartOf\":{\"@id\":\"https:\/\/studiogallella.it\/#website\"},\"datePublished\":\"2020-09-07T17:54:28+00:00\",\"dateModified\":\"2020-09-12T13:55:54+00:00\",\"breadcrumb\":{\"@id\":\"https:\/\/studiogallella.it\/index.php\/privacy-policy\/#breadcrumb\"},\"inLanguage\":\"it-IT\",\"potentialAction\":[{\"@type\":\"ReadAction\",\"target\":[\"https:\/\/studiogallella.it\/index.php\/privacy-policy\/\"]}]},{\"@type\":\"BreadcrumbList\",\"@id\":\"https:\/\/studiogallella.it\/index.php\/privacy-policy\/#breadcrumb\",\"itemListElement\":[{\"@type\":\"ListItem\",\"position\":1,\"name\":\"Home\",\"item\":\"https:\/\/studiogallella.it\/\"},{\"@type\":\"ListItem\",\"position\":2,\"name\":\"Privacy Policy\"}]},{\"@type\":\"WebSite\",\"@id\":\"https:\/\/studiogallella.it\/#website\",\"url\":\"https:\/\/studiogallella.it\/\",\"name\":\"Studio Gallella &amp; Partners\",\"description\":\"commercialisti e revisori contabili - avvocati - consulenza tributaria, societaria, legale e del lavoro\",\"publisher\":{\"@id\":\"https:\/\/studiogallella.it\/#organization\"},\"potentialAction\":[{\"@type\":\"SearchAction\",\"target\":{\"@type\":\"EntryPoint\",\"urlTemplate\":\"https:\/\/studiogallella.it\/?s={search_term_string}\"},\"query-input\":{\"@type\":\"PropertyValueSpecification\",\"valueRequired\":true,\"valueName\":\"search_term_string\"}}],\"inLanguage\":\"it-IT\"},{\"@type\":\"Organization\",\"@id\":\"https:\/\/studiogallella.it\/#organization\",\"name\":\"Studio Gallella &amp; Partners\",\"url\":\"https:\/\/studiogallella.it\/\",\"logo\":{\"@type\":\"ImageObject\",\"inLanguage\":\"it-IT\",\"@id\":\"https:\/\/studiogallella.it\/#\/schema\/logo\/image\/\",\"url\":\"https:\/\/studiogallella.it\/wp-content\/uploads\/2020\/11\/logo_6-1.png\",\"contentUrl\":\"https:\/\/studiogallella.it\/wp-content\/uploads\/2020\/11\/logo_6-1.png\",\"width\":712,\"height\":87,\"caption\":\"Studio Gallella &amp; Partners\"},\"image\":{\"@id\":\"https:\/\/studiogallella.it\/#\/schema\/logo\/image\/\"}}]}<\/script>\n<!-- \/ Yoast SEO plugin. -->","yoast_head_json":{"title":"Privacy Policy - Studio Gallella &amp; Partners","robots":{"index":"index","follow":"follow","max-snippet":"max-snippet:-1","max-image-preview":"max-image-preview:large","max-video-preview":"max-video-preview:-1"},"canonical":"https:\/\/studiogallella.it\/index.php\/privacy-policy\/","og_locale":"it_IT","og_type":"article","og_title":"Privacy Policy - Studio Gallella &amp; Partners","og_description":"[pl_row pagelayer-id=&#8221;fyoh1qxdc9byzd5u&#8221; ] [pl_col pagelayer-id=&#8221;mbrp3y0dpzsrahbs&#8221; col=&#8221;12&#8243;] [pl_text pagelayer-id=&#8221;vif8aaflp00oqgq8&#8243; ] 1) Premessa&nbsp; &nbsp; Ai sensi della normativa in materia di protezione dei dati personali Studio Gallella, Via Roma, 160\/A &#8211;&nbsp; 88811","og_url":"https:\/\/studiogallella.it\/index.php\/privacy-policy\/","og_site_name":"Studio Gallella &amp; Partners","article_modified_time":"2020-09-12T13:55:54+00:00","twitter_card":"summary_large_image","twitter_misc":{"Tempo di lettura stimato":"7 minuti"},"schema":{"@context":"https:\/\/schema.org","@graph":[{"@type":"WebPage","@id":"https:\/\/studiogallella.it\/index.php\/privacy-policy\/","url":"https:\/\/studiogallella.it\/index.php\/privacy-policy\/","name":"Privacy Policy - Studio Gallella &amp; Partners","isPartOf":{"@id":"https:\/\/studiogallella.it\/#website"},"datePublished":"2020-09-07T17:54:28+00:00","dateModified":"2020-09-12T13:55:54+00:00","breadcrumb":{"@id":"https:\/\/studiogallella.it\/index.php\/privacy-policy\/#breadcrumb"},"inLanguage":"it-IT","potentialAction":[{"@type":"ReadAction","target":["https:\/\/studiogallella.it\/index.php\/privacy-policy\/"]}]},{"@type":"BreadcrumbList","@id":"https:\/\/studiogallella.it\/index.php\/privacy-policy\/#breadcrumb","itemListElement":[{"@type":"ListItem","position":1,"name":"Home","item":"https:\/\/studiogallella.it\/"},{"@type":"ListItem","position":2,"name":"Privacy Policy"}]},{"@type":"WebSite","@id":"https:\/\/studiogallella.it\/#website","url":"https:\/\/studiogallella.it\/","name":"Studio Gallella &amp; Partners","description":"commercialisti e revisori contabili - avvocati - consulenza tributaria, societaria, legale e del lavoro","publisher":{"@id":"https:\/\/studiogallella.it\/#organization"},"potentialAction":[{"@type":"SearchAction","target":{"@type":"EntryPoint","urlTemplate":"https:\/\/studiogallella.it\/?s={search_term_string}"},"query-input":{"@type":"PropertyValueSpecification","valueRequired":true,"valueName":"search_term_string"}}],"inLanguage":"it-IT"},{"@type":"Organization","@id":"https:\/\/studiogallella.it\/#organization","name":"Studio Gallella &amp; Partners","url":"https:\/\/studiogallella.it\/","logo":{"@type":"ImageObject","inLanguage":"it-IT","@id":"https:\/\/studiogallella.it\/#\/schema\/logo\/image\/","url":"https:\/\/studiogallella.it\/wp-content\/uploads\/2020\/11\/logo_6-1.png","contentUrl":"https:\/\/studiogallella.it\/wp-content\/uploads\/2020\/11\/logo_6-1.png","width":712,"height":87,"caption":"Studio Gallella &amp; Partners"},"image":{"@id":"https:\/\/studiogallella.it\/#\/schema\/logo\/image\/"}}]}},"rttpg_featured_image_url":null,"rttpg_author":{"display_name":"admin","author_link":"https:\/\/studiogallella.it\/index.php\/author\/admin\/"},"rttpg_comment":0,"rttpg_category":null,"rttpg_excerpt":"[pl_row pagelayer-id=&#8221;fyoh1qxdc9byzd5u&#8221; ] [pl_col pagelayer-id=&#8221;mbrp3y0dpzsrahbs&#8221; col=&#8221;12&#8243;] [pl_text pagelayer-id=&#8221;vif8aaflp00oqgq8&#8243; ] 1) Premessa&nbsp; &nbsp; Ai sensi della normativa in materia di protezione dei dati personali Studio Gallella, Via Roma, 160\/A &#8211;&nbsp; 88811","_links":{"self":[{"href":"https:\/\/studiogallella.it\/index.php\/wp-json\/wp\/v2\/pages\/3"}],"collection":[{"href":"https:\/\/studiogallella.it\/index.php\/wp-json\/wp\/v2\/pages"}],"about":[{"href":"https:\/\/studiogallella.it\/index.php\/wp-json\/wp\/v2\/types\/page"}],"author":[{"embeddable":true,"href":"https:\/\/studiogallella.it\/index.php\/wp-json\/wp\/v2\/users\/2"}],"replies":[{"embeddable":true,"href":"https:\/\/studiogallella.it\/index.php\/wp-json\/wp\/v2\/comments?post=3"}],"version-history":[{"count":5,"href":"https:\/\/studiogallella.it\/index.php\/wp-json\/wp\/v2\/pages\/3\/revisions"}],"predecessor-version":[{"id":134,"href":"https:\/\/studiogallella.it\/index.php\/wp-json\/wp\/v2\/pages\/3\/revisions\/134"}],"wp:attachment":[{"href":"https:\/\/studiogallella.it\/index.php\/wp-json\/wp\/v2\/media?parent=3"}],"curies":[{"name":"wp","href":"https:\/\/api.w.org\/{rel}","templated":true}]}}