{"id":600,"date":"2020-10-19T12:00:29","date_gmt":"2020-10-19T12:00:29","guid":{"rendered":"https:\/\/studiogallella.it\/wordpress\/?page_id=600"},"modified":"2020-10-19T12:09:34","modified_gmt":"2020-10-19T12:09:34","slug":"termini-e-condizioni-dutilizzo","status":"publish","type":"page","link":"https:\/\/studiogallella.it\/index.php\/termini-e-condizioni-dutilizzo\/","title":{"rendered":"Termini e condizioni d&#8217;utilizzo"},"content":{"rendered":"<p>[pl_row pagelayer-id=&#8221;b9x8mgsl6gjl5yaw&#8221; ]<br \/>\n[pl_col pagelayer-id=&#8221;9ztgxfz1d2hz9loc&#8221;  col=&#8221;12&#8243;]<br \/>\n[pl_text pagelayer-id=&#8221;0gkn3j8o39vynobk&#8221; ]<\/p>\n<p>[\/pl_text]<br \/>\n[\/pl_col]<br \/>\n[\/pl_row]<br \/>\n[pl_row pagelayer-id=&#8221;EEUog7asKiO9Uuro&#8221;  stretch=&#8221;auto&#8221; col_gap=&#8221;10&#8243; width_content=&#8221;auto&#8221; row_height=&#8221;default&#8221; overlay_hover_delay=&#8221;400&#8243; row_shape_top_color=&#8221;#227bc3&#8243; row_shape_top_width=&#8221;100&#8243; row_shape_top_height=&#8221;100&#8243; row_shape_bottom_color=&#8221;#e44993&#8243; row_shape_bottom_width=&#8221;100&#8243; row_shape_bottom_height=&#8221;100&#8243;]<br \/>\n[pl_col pagelayer-id=&#8221;Vy0anmSpSx6gg0uZ&#8221;  widget_space=&#8221;15&#8243; overlay_hover_delay=&#8221;400&#8243;]<br \/>\n[pl_text pagelayer-id=&#8221;n8hpk0x25Ohh2Q8F&#8221; ]<\/p>\n<p class=\"MsoNormal\"><span><span><\/span><\/span><\/p>\n<p><span><b>Termini e condizioni generali di erogazione dei servizi<\/b><\/span><\/p>\n<div><span><br \/><\/span><\/div>\n<div><b>Art. 1- Richiesta ed oggetto del servizio.<br \/>1.1<\/b>&nbsp;Il contratto ha per oggetto la fornitura del servizio selezionato, di cui il cliente dichiara di ben conoscerne e di accettarne le caratteristiche e le modalit\u00e0 di erogazione.<br \/><b>1.2<\/b>&nbsp;I servizi sono richiedibili tutti i giorni della settimana, dal Luned\u00ec alla Domenica compreso i giorni festivi, 24 ore su 24.<br \/><b>1.3<\/b>&nbsp;Il Cliente \u00e8 consapevole ed accetta il fatto che la Societ\u00e0 erogatrice dei servizi \u00e8 tenuta all&#8217;adempimento di una semplice obbligazione di mezzi, non potendo in nessun modo garantire l&#8217;erogazione di atti e\/o documenti quando essi non siano presenti e\/o rilasciabili da parte degli uffici pubblici incaricati della loro emissione.<\/p>\n<p><b>Art. 2 &#8211; Esecuzione \/ Conclusione del contratto. Recesso<br \/>2.1<\/b>&nbsp;Il servizio selezionato dal Cliente verr\u00e0 messo in lavorazione alla completa sottoscrizione del modulo di richiesta e contestuale esecuzione del pagamento.<br \/><b>2.2<\/b>&nbsp;Il Cliente dichiara di accettare ed autorizzare l&#8217;erogazione anticipata dei servizi richiesti prima della decorrenza dei termini previsti per l&#8217;esercizio del diritto di recesso, espressamente rinunciando in tal modo ad avvalersi della facolt\u00e0 di recesso ai sensi della normativa contenuta nel Codice del Consumo (D. Lgs.206\/2005, aggiornato dal D.Lgs. 130\/2015 e dal D.Lgs. 08\/2016).<br \/>2.3&nbsp;Il Cliente, per ottenere la fornitura del servizio richiesto, sar\u00e0 tenuto a versarne anticipatamente il costo cos\u00ec come indicato nel form di acquisto.<\/p>\n<p><b>Art. 3 \u2013 Modalit\u00e0 di Rimborso del servizio<br \/>3.1<\/b>&nbsp;Il rimborso del costo del servizio \u00e8 previsto nei casi in cui il documento non sia stato ottenuto oppure lo stesso sia difforme a quanto indicato nella pagina web descrittiva del servizio stesso.<br \/><b>3.2<\/b>&nbsp;Per ottenere il rimborso sar\u00e0 sufficiente inviare una email di richiesta da parte del Cliente indicando la data ed il numero della transazione di acquisto, la tipologia di servizio richiesto e la difformit\u00e0 riscontrata. La richiesta sar\u00e0 subito presa in carico dalLl\u2019Amministrazione che valuter\u00e0 l&#8217;esistenza dei presupposti ed in caso positivo proceder\u00e0 all&#8217;eventuale rimborso spettante entro le 24 ore lavorative successive.<br \/><b>3.3<\/b>&nbsp;Il rimborso non \u00e8 previsto nei casi in cui, l&#8217;eventuale difformit\u00e0 del servizio riscontrata, sia da imputarsi unicamente alle amministrazioni pubbliche presso le quali i documenti sono stati estrapolati (come ad esempio errori materiali contenuti negli atti) e nei casi in cui l&#8217;esito della ricerca restituisca un esito negativo, sulla base dei dati inseriti dal Cliente al momento della richiesta (come ad esempio nominativo non censito presso le banche dati delle amministrazioni consultate).<\/p>\n<p><b>Art. 4 &#8211; Esclusione di responsabilit\u00e0<br \/>4.1<\/b>&nbsp;La societ\u00e0 erogatrice del servizio non garantisce l&#8217;esattezza delle informazioni fornite e, salvo quanto disposto dall&#8217;art. 1229 c.c., non assume alcuna responsabilit\u00e0, n\u00e9 direttamente n\u00e9 indirettamente, tramite i suoi amministratori e\/o dipendenti e\/o collaboratori, per qualsiasi danno diretto e\/o indiretto possa derivare al Cliente in dipendenza di qualsiasi relazione e\/o collegamento, commerciale e non, senza esclusione di sorta, dallo stesso instaurata in base alle informazioni fornite. In ogni caso, l&#8217;eventuale responsabilit\u00e0 della societ\u00e0 erogatrice del servizio, anche nell&#8217;ipotesi di cui all&#8217;art. 1229 c.c., sar\u00e0 limitata all&#8217;importo pagato dall&#8217; utente per il servizio in questione.<\/p>\n<p><b>Art. 5 &#8211; Obblighi del Cliente \u2014 Riservatezza<\/b><br \/><b>5.1<\/b>&nbsp;Il Cliente \u00e8 tenuto ad eseguire le eventuali ulteriori prestazioni a suo carico necessarie per la lavorazione dei Servizi richiesti ed a fornire l&#8217;eventuale documentazione integrativa richiesta dalla Societ\u00e0 erogatrice del servizio. La predetta Societ\u00e0 non potr\u00e0 essere a nessun titolo ritenuta responsabile di ritardi e\/o inadempimenti dovuti al mancato invio della documentazione richiesta da parte del Cliente ed avr\u00e0 piena facolt\u00e0 di comunicare l&#8217;esito negativo del servizio senza diritto a rimborsi di alcun genere nei riguardi del Cliente inadempiente.<br \/><b>5.2<\/b>&nbsp;Il Cliente \u00e8 tenuto ad usufruire dei servizi in maniera corretta, lecita e pertinente con le proprie finalit\u00e0 e si impegna a garantire la massima sicurezza e riservatezza circa i dati forniti dalla societ\u00e0 erogatrice del servizio richiesto.<\/p>\n<p><b>Art. 6 \u2013 Informativa e consenso al trattamento dei dati personali<\/b><br \/>Il Cliente, con la sottoscrizione del presente contratto, riconosce che gli \u00e9 stata resa l&#8217;informativa di cui agli articoli 13 e 14 del Regolamento UE 679\/2016 e presta il proprio consenso ai trattamenti ed alla comunicazione dei dati che lo riguardano con le modalit\u00e0 descritte nella predetta informativa, manlevando la societ\u00e0 erogatrice del servizio da qualsivoglia responsabilit\u00e0 civile, penale o amministrativa per danni che dovesse risentire in conseguenza, occasione o connessione con detti trattamenti.<\/p>\n<p><b>Art. 7 &#8211; Foro Esclusivo<\/b><br \/>Per qualsiasi controversia relativa o connessa al presente contratto sar\u00e0 esclusivamente competente il Foro di Crotone.<\/div>\n<p>[\/pl_text]<br \/>\n[\/pl_col]<br \/>\n[\/pl_row]<\/p>\n","protected":false},"excerpt":{"rendered":"<p>[pl_row pagelayer-id=&#8221;b9x8mgsl6gjl5yaw&#8221; ] [pl_col pagelayer-id=&#8221;9ztgxfz1d2hz9loc&#8221; col=&#8221;12&#8243;] [pl_text pagelayer-id=&#8221;0gkn3j8o39vynobk&#8221; ] [\/pl_text] [\/pl_col] [\/pl_row] [pl_row pagelayer-id=&#8221;EEUog7asKiO9Uuro&#8221; stretch=&#8221;auto&#8221; col_gap=&#8221;10&#8243; width_content=&#8221;auto&#8221; row_height=&#8221;default&#8221; overlay_hover_delay=&#8221;400&#8243; row_shape_top_color=&#8221;#227bc3&#8243; row_shape_top_width=&#8221;100&#8243; row_shape_top_height=&#8221;100&#8243; row_shape_bottom_color=&#8221;#e44993&#8243; row_shape_bottom_width=&#8221;100&#8243; row_shape_bottom_height=&#8221;100&#8243;] [pl_col pagelayer-id=&#8221;Vy0anmSpSx6gg0uZ&#8221; widget_space=&#8221;15&#8243; overlay_hover_delay=&#8221;400&#8243;] [pl_text<\/p>\n","protected":false},"author":2,"featured_media":0,"parent":0,"menu_order":0,"comment_status":"closed","ping_status":"closed","template":"","meta":{"pagelayer_contact_templates":[],"_pagelayer_content":"","footnotes":""},"yoast_head":"<!-- This site is optimized with the Yoast SEO plugin v23.5 - https:\/\/yoast.com\/wordpress\/plugins\/seo\/ -->\n<title>Termini e condizioni d&#039;utilizzo - Studio Gallella &amp; Partners<\/title>\n<meta name=\"robots\" content=\"index, follow, max-snippet:-1, max-image-preview:large, max-video-preview:-1\" \/>\n<link rel=\"canonical\" href=\"https:\/\/studiogallella.it\/index.php\/termini-e-condizioni-dutilizzo\/\" \/>\n<meta property=\"og:locale\" content=\"it_IT\" \/>\n<meta property=\"og:type\" content=\"article\" \/>\n<meta property=\"og:title\" content=\"Termini e condizioni d&#039;utilizzo - Studio Gallella &amp; Partners\" \/>\n<meta property=\"og:description\" content=\"[pl_row pagelayer-id=&#8221;b9x8mgsl6gjl5yaw&#8221; ] [pl_col pagelayer-id=&#8221;9ztgxfz1d2hz9loc&#8221; col=&#8221;12&#8243;] [pl_text pagelayer-id=&#8221;0gkn3j8o39vynobk&#8221; ] [\/pl_text] [\/pl_col] [\/pl_row] [pl_row pagelayer-id=&#8221;EEUog7asKiO9Uuro&#8221; stretch=&#8221;auto&#8221; col_gap=&#8221;10&#8243; width_content=&#8221;auto&#8221; row_height=&#8221;default&#8221; overlay_hover_delay=&#8221;400&#8243; row_shape_top_color=&#8221;#227bc3&#8243; row_shape_top_width=&#8221;100&#8243; row_shape_top_height=&#8221;100&#8243; row_shape_bottom_color=&#8221;#e44993&#8243; row_shape_bottom_width=&#8221;100&#8243; row_shape_bottom_height=&#8221;100&#8243;] [pl_col pagelayer-id=&#8221;Vy0anmSpSx6gg0uZ&#8221; widget_space=&#8221;15&#8243; overlay_hover_delay=&#8221;400&#8243;] [pl_text\" \/>\n<meta property=\"og:url\" content=\"https:\/\/studiogallella.it\/index.php\/termini-e-condizioni-dutilizzo\/\" \/>\n<meta property=\"og:site_name\" content=\"Studio Gallella &amp; Partners\" \/>\n<meta property=\"article:modified_time\" content=\"2020-10-19T12:09:34+00:00\" \/>\n<meta name=\"twitter:card\" content=\"summary_large_image\" \/>\n<meta name=\"twitter:label1\" content=\"Tempo di lettura stimato\" \/>\n\t<meta name=\"twitter:data1\" content=\"4 minuti\" \/>\n<script type=\"application\/ld+json\" class=\"yoast-schema-graph\">{\"@context\":\"https:\/\/schema.org\",\"@graph\":[{\"@type\":\"WebPage\",\"@id\":\"https:\/\/studiogallella.it\/index.php\/termini-e-condizioni-dutilizzo\/\",\"url\":\"https:\/\/studiogallella.it\/index.php\/termini-e-condizioni-dutilizzo\/\",\"name\":\"Termini e condizioni d'utilizzo - Studio Gallella &amp; Partners\",\"isPartOf\":{\"@id\":\"https:\/\/studiogallella.it\/#website\"},\"datePublished\":\"2020-10-19T12:00:29+00:00\",\"dateModified\":\"2020-10-19T12:09:34+00:00\",\"breadcrumb\":{\"@id\":\"https:\/\/studiogallella.it\/index.php\/termini-e-condizioni-dutilizzo\/#breadcrumb\"},\"inLanguage\":\"it-IT\",\"potentialAction\":[{\"@type\":\"ReadAction\",\"target\":[\"https:\/\/studiogallella.it\/index.php\/termini-e-condizioni-dutilizzo\/\"]}]},{\"@type\":\"BreadcrumbList\",\"@id\":\"https:\/\/studiogallella.it\/index.php\/termini-e-condizioni-dutilizzo\/#breadcrumb\",\"itemListElement\":[{\"@type\":\"ListItem\",\"position\":1,\"name\":\"Home\",\"item\":\"https:\/\/studiogallella.it\/\"},{\"@type\":\"ListItem\",\"position\":2,\"name\":\"Termini e condizioni d&#8217;utilizzo\"}]},{\"@type\":\"WebSite\",\"@id\":\"https:\/\/studiogallella.it\/#website\",\"url\":\"https:\/\/studiogallella.it\/\",\"name\":\"Studio Gallella &amp; Partners\",\"description\":\"commercialisti e revisori contabili - avvocati - consulenza tributaria, societaria, legale e del lavoro\",\"publisher\":{\"@id\":\"https:\/\/studiogallella.it\/#organization\"},\"potentialAction\":[{\"@type\":\"SearchAction\",\"target\":{\"@type\":\"EntryPoint\",\"urlTemplate\":\"https:\/\/studiogallella.it\/?s={search_term_string}\"},\"query-input\":{\"@type\":\"PropertyValueSpecification\",\"valueRequired\":true,\"valueName\":\"search_term_string\"}}],\"inLanguage\":\"it-IT\"},{\"@type\":\"Organization\",\"@id\":\"https:\/\/studiogallella.it\/#organization\",\"name\":\"Studio Gallella &amp; Partners\",\"url\":\"https:\/\/studiogallella.it\/\",\"logo\":{\"@type\":\"ImageObject\",\"inLanguage\":\"it-IT\",\"@id\":\"https:\/\/studiogallella.it\/#\/schema\/logo\/image\/\",\"url\":\"https:\/\/studiogallella.it\/wp-content\/uploads\/2020\/11\/logo_6-1.png\",\"contentUrl\":\"https:\/\/studiogallella.it\/wp-content\/uploads\/2020\/11\/logo_6-1.png\",\"width\":712,\"height\":87,\"caption\":\"Studio Gallella &amp; Partners\"},\"image\":{\"@id\":\"https:\/\/studiogallella.it\/#\/schema\/logo\/image\/\"}}]}<\/script>\n<!-- \/ Yoast SEO plugin. -->","yoast_head_json":{"title":"Termini e condizioni d'utilizzo - Studio Gallella &amp; Partners","robots":{"index":"index","follow":"follow","max-snippet":"max-snippet:-1","max-image-preview":"max-image-preview:large","max-video-preview":"max-video-preview:-1"},"canonical":"https:\/\/studiogallella.it\/index.php\/termini-e-condizioni-dutilizzo\/","og_locale":"it_IT","og_type":"article","og_title":"Termini e condizioni d'utilizzo - Studio Gallella &amp; Partners","og_description":"[pl_row pagelayer-id=&#8221;b9x8mgsl6gjl5yaw&#8221; ] [pl_col pagelayer-id=&#8221;9ztgxfz1d2hz9loc&#8221; col=&#8221;12&#8243;] [pl_text pagelayer-id=&#8221;0gkn3j8o39vynobk&#8221; ] [\/pl_text] [\/pl_col] [\/pl_row] [pl_row pagelayer-id=&#8221;EEUog7asKiO9Uuro&#8221; stretch=&#8221;auto&#8221; col_gap=&#8221;10&#8243; width_content=&#8221;auto&#8221; row_height=&#8221;default&#8221; overlay_hover_delay=&#8221;400&#8243; row_shape_top_color=&#8221;#227bc3&#8243; row_shape_top_width=&#8221;100&#8243; row_shape_top_height=&#8221;100&#8243; row_shape_bottom_color=&#8221;#e44993&#8243; row_shape_bottom_width=&#8221;100&#8243; row_shape_bottom_height=&#8221;100&#8243;] [pl_col pagelayer-id=&#8221;Vy0anmSpSx6gg0uZ&#8221; widget_space=&#8221;15&#8243; overlay_hover_delay=&#8221;400&#8243;] [pl_text","og_url":"https:\/\/studiogallella.it\/index.php\/termini-e-condizioni-dutilizzo\/","og_site_name":"Studio Gallella &amp; Partners","article_modified_time":"2020-10-19T12:09:34+00:00","twitter_card":"summary_large_image","twitter_misc":{"Tempo di lettura stimato":"4 minuti"},"schema":{"@context":"https:\/\/schema.org","@graph":[{"@type":"WebPage","@id":"https:\/\/studiogallella.it\/index.php\/termini-e-condizioni-dutilizzo\/","url":"https:\/\/studiogallella.it\/index.php\/termini-e-condizioni-dutilizzo\/","name":"Termini e condizioni d'utilizzo - Studio Gallella &amp; Partners","isPartOf":{"@id":"https:\/\/studiogallella.it\/#website"},"datePublished":"2020-10-19T12:00:29+00:00","dateModified":"2020-10-19T12:09:34+00:00","breadcrumb":{"@id":"https:\/\/studiogallella.it\/index.php\/termini-e-condizioni-dutilizzo\/#breadcrumb"},"inLanguage":"it-IT","potentialAction":[{"@type":"ReadAction","target":["https:\/\/studiogallella.it\/index.php\/termini-e-condizioni-dutilizzo\/"]}]},{"@type":"BreadcrumbList","@id":"https:\/\/studiogallella.it\/index.php\/termini-e-condizioni-dutilizzo\/#breadcrumb","itemListElement":[{"@type":"ListItem","position":1,"name":"Home","item":"https:\/\/studiogallella.it\/"},{"@type":"ListItem","position":2,"name":"Termini e condizioni d&#8217;utilizzo"}]},{"@type":"WebSite","@id":"https:\/\/studiogallella.it\/#website","url":"https:\/\/studiogallella.it\/","name":"Studio Gallella &amp; Partners","description":"commercialisti e revisori contabili - avvocati - consulenza tributaria, societaria, legale e del lavoro","publisher":{"@id":"https:\/\/studiogallella.it\/#organization"},"potentialAction":[{"@type":"SearchAction","target":{"@type":"EntryPoint","urlTemplate":"https:\/\/studiogallella.it\/?s={search_term_string}"},"query-input":{"@type":"PropertyValueSpecification","valueRequired":true,"valueName":"search_term_string"}}],"inLanguage":"it-IT"},{"@type":"Organization","@id":"https:\/\/studiogallella.it\/#organization","name":"Studio Gallella &amp; Partners","url":"https:\/\/studiogallella.it\/","logo":{"@type":"ImageObject","inLanguage":"it-IT","@id":"https:\/\/studiogallella.it\/#\/schema\/logo\/image\/","url":"https:\/\/studiogallella.it\/wp-content\/uploads\/2020\/11\/logo_6-1.png","contentUrl":"https:\/\/studiogallella.it\/wp-content\/uploads\/2020\/11\/logo_6-1.png","width":712,"height":87,"caption":"Studio Gallella &amp; Partners"},"image":{"@id":"https:\/\/studiogallella.it\/#\/schema\/logo\/image\/"}}]}},"rttpg_featured_image_url":null,"rttpg_author":{"display_name":"admin","author_link":"https:\/\/studiogallella.it\/index.php\/author\/admin\/"},"rttpg_comment":0,"rttpg_category":null,"rttpg_excerpt":"[pl_row pagelayer-id=&#8221;b9x8mgsl6gjl5yaw&#8221; ] [pl_col pagelayer-id=&#8221;9ztgxfz1d2hz9loc&#8221; col=&#8221;12&#8243;] [pl_text pagelayer-id=&#8221;0gkn3j8o39vynobk&#8221; ] [\/pl_text] [\/pl_col] [\/pl_row] [pl_row pagelayer-id=&#8221;EEUog7asKiO9Uuro&#8221; stretch=&#8221;auto&#8221; col_gap=&#8221;10&#8243; width_content=&#8221;auto&#8221; row_height=&#8221;default&#8221; overlay_hover_delay=&#8221;400&#8243; row_shape_top_color=&#8221;#227bc3&#8243; row_shape_top_width=&#8221;100&#8243; row_shape_top_height=&#8221;100&#8243; row_shape_bottom_color=&#8221;#e44993&#8243; row_shape_bottom_width=&#8221;100&#8243; row_shape_bottom_height=&#8221;100&#8243;] [pl_col pagelayer-id=&#8221;Vy0anmSpSx6gg0uZ&#8221; widget_space=&#8221;15&#8243; overlay_hover_delay=&#8221;400&#8243;] [pl_text","_links":{"self":[{"href":"https:\/\/studiogallella.it\/index.php\/wp-json\/wp\/v2\/pages\/600"}],"collection":[{"href":"https:\/\/studiogallella.it\/index.php\/wp-json\/wp\/v2\/pages"}],"about":[{"href":"https:\/\/studiogallella.it\/index.php\/wp-json\/wp\/v2\/types\/page"}],"author":[{"embeddable":true,"href":"https:\/\/studiogallella.it\/index.php\/wp-json\/wp\/v2\/users\/2"}],"replies":[{"embeddable":true,"href":"https:\/\/studiogallella.it\/index.php\/wp-json\/wp\/v2\/comments?post=600"}],"version-history":[{"count":4,"href":"https:\/\/studiogallella.it\/index.php\/wp-json\/wp\/v2\/pages\/600\/revisions"}],"predecessor-version":[{"id":607,"href":"https:\/\/studiogallella.it\/index.php\/wp-json\/wp\/v2\/pages\/600\/revisions\/607"}],"wp:attachment":[{"href":"https:\/\/studiogallella.it\/index.php\/wp-json\/wp\/v2\/media?parent=600"}],"curies":[{"name":"wp","href":"https:\/\/api.w.org\/{rel}","templated":true}]}}